 8640 is divided by 133?
128
Calculate the remainder when 1758 is divided by 568.
54
What is the remainder when 9513 is divided by 49?
7
Calculate the remainder when 70678 is divided by 12.
10
Calculate the remainder when 63 is divided by 11.
8
Calculate the remainder when 6106 is divided by 2810.
486
What is the remainder when 5848 is divided by 730?
8
What is the remainder when 1016002 is divided by 66?
64
What is the remainder when 5913805 is divided by 1077?
1075
What is the remainder when 16986 is divided by 705?
66
What is the remainder when 1187 is divided by 290?
27
What is the remainder when 72383 is divided by 24126?
5
Calculate the remainder when 2182 is divided by 746.
690
What is the remainder when 140689 is divided by 1108?
1081
Calculate the remainder when 38799 is divided by 462.
453
Calculate the remainder when 16404 is divided by 21.
3
What is the remainder when 12811 is divided by 12746?
65
What is the remainder when 2004 is divided by 800?
404
Calculate the remainder when 1779 is divided by 749.
281
Calculate the remainder when 17965 is divided by 1197.
10
What is the remainder when 1767197 is divided by 235?
232
Calculate the remainder when 16053 is divided by 82.
63
Calculate the remainder when 15285 is divided by 168.
165
Calculate the remainder when 25035 is divided by 48.
27
Calculate the remainder when 21994 is divided by 34.
30
What is the remainder when 99222 is divided by 33071?
9
What is the remainder when 207583 is divided by 659?
657
Calculate the remainder when 1154371 is divided by 2295.
2281
Calculate the remainder when 6732 is divided by 104.
76
What is the remainder when 883 is divided by 276?
55
What is the remainder when 2444 is divided by 160?
44
What is the remainder when 489309 is divided by 38?
21
What is the remainder when 24357 is divided by 310?
177
What is the remainder when 13694 is divided by 133?
128
Calculate the remainder when 20626 is divided by 89.
67
Calculate the remainder when 24844 is divided by 6211.
0
Calculate the remainder when 371979 is divided by 1166.
25
What is the remainder when 23831 is divided by 121?
115
Calculate the remainder when 16157 is divided by 15679.
478
Calculate the remainder when 273583 is divided by 178.
175
What is the remainder when 12026 is divided by 3970?
116
Calculate the remainder when 4758928 is divided by 207.
205
Calculate the remainder when 115614 is divided by 164.
158
What is the remainder when 4245 is divided by 232?
69
Calculate the remainder when 94774 is divided by 24.
22
What is the remainder when 5078 is divided by 78?
8
What is the remainder when 3272 is divided by 2868?
404
Calculate the remainder when 1777 is divided by 294.
13
Calculate the remainder when 3108 is divided by 1400.
308
What is the remainder when 928786 is divided by 709?
705
What is the remainder when 22603 is divided by 294?
259
What is the remainder when 22339 is divided by 7440?
19
What is the remainder when 196468 is divided by 91?
90
Calculate the remainder when 2586 is divided by 516.
6
Calculate the remainder when 192 is divided by 75.
42
Calculate the remainder when 122471 is divided by 24492.
11
Calculate the remainder when 570 is divided by 452.
118
What is the remainder when 2083 is divided by 36?
31
Calculate the remainder when 110125 is divided by 55052.
21
Calculate the remainder when 85201 is divided by 2366.
25
What is the remainder when 1773 is divided by 237?
114
What is the remainder when 2249 is divided by 1360?
889
Calculate the remainder when 11828 is divided by 695.
13
Calculate the remainder when 4627 is divided by 38.
29
Calculate the remainder when 3824 is divided by 291.
41
What is the remainder when 43066 is divided by 46?
10
What is the remainder when 7436 is divided by 2431?
143
What is the remainder when 106010 is divided by 122?
114
Calculate the remainder when 1140 is divided by 643.
497
What is the remainder when 88070 is divided by 4632?
62
What is the remainder when 25850 is divided by 417?
413
What is the remainder when 876 is divided by 289?
9
Calculate the remainder when 10360 is divided by 678.
190
Calculate the remainder when 239997 is divided by 60.
57
What is the remainder when 162953 is divided by 8?
1
Calculate the remainder when 1105 is divided by 947.
158
Calculate the remainder when 34146 is divided by 27.
18
What is the remainder when 232 is divided by 152?
80
What is the remainder when 9234 is divided by 1563?
1419
What is the remainder when 4910 is divided by 3?
2
Calculate the remainder when 9881 is divided by 17.
4
What is the remainder when 69274 is divided by 56?
2
What is the remainder when 64103 is divided by 32024?
55
Calculate the remainder when 1122667 is divided by 237.
235
What is the remainder when 57243 is divided by 53?
3
Calculate the remainder when 10016 is divided by 343.
69
What is the remainder when 889017 is divided by 1400?
17
What is the remainder when 9371 is divided by 1325?
96
Calculate the remainder when 6517 is divided by 1272.
157
Calculate the remainder when 6904 is divided by 1373.
39
What is the remainder when 4553 is divided by 159?
101
Calculate the remainder when 469486 is divided by 190.
186
Calculate the remainder when 355787 is divided by 9.
8
Calculate the remainder when 9410 is divided by 2180.
690
What is the remainder when 100876 is divided by 50435?
6
Calculate the remainder when 58034 is divided by 1707.
1703
Calculate the remainder when 22152 is divided by 38.
36
Calculate the remainder when 772035 is divided by 74.
67
Calculate the remainder when 38225 is divided by 555.
485
What is the remainder when 21525 is divided by 229?
228
What is the remainder when 36697 is divided by 67?
48
What is the remainder when 19090 is divided by 2386?
2
Calculate the remainder when 1142656 is divided by 353.
348
Calculate the remainder when 14659 is divided by 35.
29
Calculate the remainder when 237426 is divided by 333.
330
What is the remainder when 76311 is divided by 89?
38
What is the remainder when 552599 is divided by 9?
8
Calculate the remainder when 161202 is divided by 2.
0
What is the remainder when 10855 is divided by 46?
45
Calculate the remainder when 133258 is divided by 1803.
1639
Calculate the remainder when 9587 is divided by 2392.
19
Calculate the remainder when 2174 is divided by 394.
204
Calculate the remainder when 480 is divided by 80.
0
Calculate the remainder when 461025 is divided by 373.
370
What is the remainder when 334879 is divided by 50?
29
Calculate the remainder when 980 is divided by 107.
17
Calculate the remainder when 5402 is divided by 1757.
131
Calculate the remainder when 30161 is divided by 5023.
23
Calculate the remainder when 26215 is divided by 728.
7
Calculate the remainder when 5093743 is divided by 488.
487
What is the remainder when 128807 is divided by 330?
107
What is the remainder when 4287 is divided by 2134?
19
Calculate the remainder when 1708 is divided by 815.
78
Calculate the remainder when 137748 is divided by 950.
948
Calculate the remainder when 11120 is divided by 445.
440
Calculate the remainder when 9630 is divided by 874.
16
What is the remainder when 174277 is divided by 87134?
9
What is the remainder when 22458 is divided by 621?
102
What is the remainder when 3517 is divided by 588?
577
What is the remainder when 146641 is divided by 48877?
10
Calculate the remainder when 198590 is divided by 824.
6
What is the remainder when 1356526 is divided by 35?
31
What is the remainder when 7568 is divided by 62?
4
What is the remainder when 2141 is divided by 371?
286
What is the remainder when 7718 is divided by 558?
464
Calculate the remainder when 7708 is divided by 882.
652
What is the remainder when 71829 is divided by 71821?
8
Calculate the remainder when 33260 is divided by 29.
26
Calculate the remainder when 6209 is divided by 40.
9
Calculate the remainder when 7005 is divided by 370.
345
Calculate the remainder when 80402 is divided by 1005.
2
What is the remainder when 101630 is divided by 256?
254
Calculate the remainder when 62161 is divided by 70.
1
What is the remainder when 233872 is divided by 236?
232
What is the remainder when 3802 is divided by 380?
2
Calculate the remainder when 2261 is divided by 2225.
36
Calculate